False
Let r(x) = -x**2 - x - 7. Let y be r(-6). Let u = y + 33. Is (-1 - -5) + u/(16/(-3940)) composite?
True
Is (-309360)/64*((-2)/(-3) - 2) prime?
False
Let n = -162 + 261. Let w(l) = 17*l + 48*l + n*l - 7. Is w(3) a composite number?
True
Let y = -269976 - -493975. Is y a composite number?
False
Let f(j) be the second derivative of 597*j**5/20 - j**4/3 + 5*j**2/2 - 56*j. Is f(2) prime?
False
Suppose t = -5*r + 3*r + 137, -t - 73 = -r. Let p = -110 + 167. Let j = p + r. Is j composite?
False
Suppose -x - 92494 = 4*i - 594339, -5*i - 2509200 = -5*x. Is x a composite number?
False
Let l(f) = -115348*f + 249. Is l(-11) a prime number?
True
Let n = -27 + 46. Let o be (5/1)/(n + -18). Suppose 20*z = o*z + 4395. Is z prime?
True
Suppose 254 = -2*i + 272. Suppose -5*t + 74 = -3*f, 4*t - 25 = -5*f + 12. Suppose t*s = i*s + 17308. Is s a prime number?
True
Let f be (-44)/(-154) + 167757/(-7). Is (f - 0)*(12/6 - 3) prime?
False
Suppose 1474482 = 2*u - 5*z, -2*z + 26 = 18. Is u prime?
True
Let f = 889 - 394. Suppose 5*o - f = 180. Suppose 10*r - o = 395. Is r prime?
True
Suppose -5*v + 5*o = -4*v - 68906, 0 = o + 3. Is v prime?
True
Let j = -725 - -719. Is 9*j/(-18) + 14863 a composite number?
True
Suppose 0 = -0*u - 2*u + 15772. Suppose 8*v - 6*v = u. Is v a prime number?
True
Let n(w) = -7*w + 2*w**2 + 77 - 73 + 7*w**2. Is n(5) prime?
False
Suppose 4*a - 3*d = 51, 5*d = 3*a - 0*d - 52. Suppose 1 - 16 = -5*w - 2*y, 3*w = -y + a. Suppose -l = -5*h + 3518, -w*h + 3*l + 712 = -2*h. Is h a prime number?
False
Let m = -453 + 448. Is m/((-40)/79256) - 6 a prime number?
True
Let g(d) = -9865*d + 3651. Is g(-8) a prime number?
True
Let k = 18 - 434. Let f(r) = 28*r**2 + 7*r + 10. Let t be f(-5). Let h = k + t. Is h a composite number?
True
Suppose 0 = 4*q - u - 403747 - 1302577, 4*q - 2*u = 1706316. Is q composite?
False
Let l(c) = 513*c + 226. Let b be l(-31). Is (-2 + 3)/(b/(-3919) + -4) a composite number?
False
Is (168/7 - -3003) + -8 prime?
True
Suppose 38225*p - 38185*p = 5360360. Is p composite?
True
Let x(n) = -143*n**2 + 50*n**2 + 5 + 50*n**2 + 2*n + 62*n**2. Let z = 10 - 6. Is x(z) a composite number?
False
Suppose 19*t - 30*t + 2357605 = -6*t. Is t prime?
True
Let l(c) = c**2 + 8*c - 5. Suppose -1 = 7*p + 62. Let t be l(p). Suppose -3*f = 4*x - 456 - 1, t*x + f = 467. Is x prime?
False
Suppose -15*g = -130957 - 198548. Is g a prime number?
False
Let v(d) = -211*d + 119. Let s(b) = b**3 + 15*b**2 + 25*b - 27. Let g be s(-13). Is v(g) composite?
True
Let g(o) = 238*o**2 + 9*o - 4. Let w be g(-6). Suppose 3*c = -3*d + 5*d + w, -3*c - 4*d + 8504 = 0. Suppose 2*r = 0, -7*r + c = 2*k - 4*r. Is k prime?
False
Suppose 5*w - 486721 = -5*u + 1540354, 1621672 = 4*u + w. Is u a prime number?
False
Let b = -43 - -45. Suppose 0 = 5*r - 20, y = b*r - 0*r + 19. Suppose 5*g = u - y, -g + 2 = -0. Is u a prime number?
True
Suppose -2*g - 2030 = 2*b + 2258, 0 = -5*b - g - 10740. Let i = 4796 + b. Is i composite?
False
Is (9305/10)/((-6)/(-516)) a composite number?
True
Is 1321651 - (-160)/(-16 + 26) a composite number?
True
Let o(t) be the first derivative of -2*t**4 + 2*t**3/3 + t**2/2 - 4*t + 1. Let q be 441/(-91) - (-48)/(-312). Is o(q) composite?
True
Let q(p) = -81*p**3 - 6*p**2 + 2*p + 162. Is q(-29) a composite number?
False
Let p = -6436 - -10300. Suppose -4838 = -5*t - 3*h, 4*t - 61*h - p = -57*h. Is t a prime number?
True
Let v = 135 + -199. Suppose 5*q + 128 = p, 7*p + 3*q - 489 = 3*p. Let b = v + p. Is b composite?
False
Let c(t) = t**2 + 15*t - 36. Let v be c(-17). Let s be (26/8)/((v + 3)/4). Let b = 35 - s. Is b composite?
True
Let g(q) = 356839*q + 744. Is g(1) prime?
True
Let f(o) = -o**2 + 10*o - 24. Let c be f(6). Let n be 288 - (c/5 + -1). Suppose x = n + 13. Is x prime?
False
Let m = 10774 + -2879. Is m a composite number?
True
Let c be ((-4)/(-12)*-253)/((-10)/120). Suppose 12*v - 3*h - 253 = 11*v, 4*v = h + c. Is v a prime number?
False
Suppose -3*p = -163 + 175, 5*p + 528894 = 2*x. Is x a composite number?
False
Let l be -1 - (-5 + 2 + 2). Suppose -3*c - 4*c + 3150 = l. Suppose 2*r - 1404 = -2*w - c, 3*w + 5*r = 1427. Is w a composite number?
False
Suppose -25 = -5*u - 5*m, -6*u + m + 7 = -3*u. Suppose -218 = -u*c + 5917. Is c a prime number?
False
Let d(w) be the second derivative of -w**3 - 63*w**2/2 + 42*w. Let z be d(-11). Suppose z*q + q = 2*h - 3250, 3*h - 4865 = -4*q. Is h a prime number?
False
Let l = -361922 + 792271. Is l prime?
False
Let z be 102245/35 - (10/(-7))/(-5). Suppose -10308 - 4345 = -5*b - 3*h, b + 3*h - z = 0. Is b prime?
False
Let q(z) = 3*z + 235*z**2 - 1 - 198*z**2 + 256*z**2. Let c(g) = 85*g - 1104. Let d be c(13). Is q(d) prime?
False
Let j(n) = 8447*n**3 - 4*n**2 + 3*n - 4. Let i(q) = -2*q**3 - q**2 + q - 1. Let b(k) = -5*i(k) + j(k). Is b(1) prime?
False
Let d(g) = 19*g**2 + 18*g - 54. Suppose 6*i - 4*i + 3*c = -5, 0 = 2*i - 2*c - 20. Is d(i) composite?
True
Let o(z) be the first derivative of 9*z**2/2 + 62*z + 37. Let h be o(15). Suppose -l = -3*a - 1423, -l + 4*a + h + 1226 = 0. Is l composite?
False
Let c = 2671 - 1856. Let r = c + -523. Is r + (-4)/(20/(-5)) composite?
False
Let o = -68099 - -128196. Is o prime?
False
Let s(m) = 2510*m**2 + 157*m - 949. Is s(6) a composite number?
False
Let j(x) = 1887*x**2 - 18*x + 14. Is j(-11) prime?
True
Let y(i) = -2*i - 6. Let r be y(-5). Let w = -158 - -154. Is w + (644 - -3) + r a composite number?
False
Suppose -3*k + 37179 = -4*i - 2*k, -3*k = 3*i + 27903. Let a = i + 14863. Is a composite?
True
Let y be (1632/336)/((0 + -2)/(-14)). Suppose -y*l - 9906 = -40*l. Is l prime?
False
Suppose 4*z = -1341 + 2021. Let k(l) = 11*l + 14. Let u be k(-10). Let v = z + u. Is v prime?
False
Is -14466*33/(-9) - -5 composite?
False
Is 29 + (-3328500)/(-27) + (0 - 2/(-9)) a prime number?
True
Is ((0 - 0) + 1)/(72979578/3648978 - 20) composite?
True
Let d(o) = 3*o - 7. Let c be d(7). Suppose 0 = -11*n + 4*n + c. Suppose 3*b - 583 = 2*w, -351 = -n*b - 3*w + 16. Is b a prime number?
True
Suppose 4*l - h + 97 = 0, h = -1 + 2. Let v be 22/3 - l/36. Is (478/(-4))/(v/(-112)) composite?
True
Suppose -466984 = -2*b + 5*g, -2*b + g + 364338 = -102622. Is b a composite number?
False
Let s = 22 + 22. Suppose s*i - 35*i = 9783. Is i a composite number?
False
Suppose -8 = 5*t + 7*x - 3*x, -2*t - 10 = 5*x. Suppose 0*q + 4*q - 1612 = t. Is q a prime number?
False
Let o(j) = -203*j - 33. Suppose 5*i - 2*f = -57, -2*i - 3*f = 7 + 12. Let q be o(i). Suppose 214 - q = -6*y. Is y composite?
False
Suppose 0 = 3*y - 6, 4*x + y - 14 = 4. Is (84/(-105))/(x/(-7610)) prime?
False
Suppose 3*q - 367 = 269. Suppose -2890 = -3*o + 5*l, -2*l = 4*o - 4074 + q. Let u = o - 412. Is u composite?
True
Let h be -2 + (-66)/(-11) - 6. Let o(b) be the second derivative of 7*b**4/4 + 2*b**3/3 + 7*b**2/2 - b. Is o(h) a prime number?
True
Suppose 2 - 4 = -f. Suppose 4*v = i + 6269, f*v - 3138 = 2*i + 2*i. Is v a prime number?
True
Let x(l) = -l**2 + 7*l - 5. Let q be x(6). Is (1661 + (-3 - q))*(-8)/(-8) a composite number?
False
Let q be 1/((-6)/56)*(-3)/2. Let z(j) = -j**3 + 13*j**2 + 14*j - 1. Let f be z(q). Is (-8)/(-8)*(36 - f) prime?
True
Let i(h) = -2404*h - 21. Is i(-55) prime?
True
Let q(t) be the second derivative of -t**6/360 + t**5/3 - 5*t**4/24 + 3*t**3/2 - 17*t. Let u(p) be the second derivative of q(p). Is u(20) a composite number?
True
Let x(y) = -52*y**2 + 39*y + 3. Let n be ((-5)/2)/(50/(-40)). Let f(o) = -26*o**2 + 19*o + 2. Let j(m) = n*x(m) - 5*f(m). Is j(7) prime?
True
Let o = 1068378 - 412469. Is o composite?
False
Suppose 59*d - 915372 - 637567 = 0. Is d a prime number?
True
Let t be 3/(-6)*700/(-35). Let a(x) = -21*x - 1. Let j be a(-4). Suppose t*i = 11*i - j. Is i a composite number?
False
Let i be (-60)/18 + 2/(-3). Let l(g) = -18*g**3 - 3*g**2 - 5*g - 15. Let q be l(i). Suppose -4*y = -2919 - q. Is y composite?
True
Let b(u) = u**2 - 9*u. Let p be b(10). Let m be (-1490)/(-6)*(13 - p). Suppose -k - m = -2*k. Is k a prime number?
False
Let r(s) = 737*s**2 + 3*s - 1. Let u be r(-3). Let w = -1382 + u. Is w prime?
False
Suppose -812 = -10*k + 1418. Suppose -k*n - 14281 = -224*n. Is n a prime number?
True
Suppose -5*a + 0*u = -3*u - 265, -120 = -2*a + 4*u. Suppose 4*z - 30 = a. Is 48 - (2/(-8))/((-5